{"id":8449,"date":"2021-05-05T18:03:11","date_gmt":"2021-05-05T16:03:11","guid":{"rendered":"https:\/\/www.thefinitive.com\/?post_type=product&#038;p=8449"},"modified":"2023-07-08T17:16:16","modified_gmt":"2023-07-08T15:16:16","slug":"brevetto-paracadutista-militare-regio-esercito","status":"publish","type":"product","link":"https:\/\/thefinitive.com\/en\/prodotto\/brevetto-paracadutista-militare-regio-esercito\/","title":{"rendered":"Brevetto Paracadutista Militare Regio Esercito"},"content":{"rendered":"<p>Brevetto per Paracadutista Militare del Regio Esercito, usato in epoca fascista. Il distintivo\/brevetto \u00e8 realizzato in metallo, con spilla a chiusura a pistoncino con &#8220;fiore&#8221; in testa, tipica dei prodotti della Stefano Johnson e quindi potrebbe essere un probabile conio Johnson. Di sicuro \u00e8 originale d&#8217;epoca, e presumibilmente siamo nel periodo che va dalla seconda met\u00e0 degli anni &#8216;930 fino al 1943 ed \u00e8 letteratura diffusa che lo stesso distintivo venne usato anche in <em>Repubblica Sociale Italiana<\/em> <strong>RSI\u00a0<\/strong><\/p>\n<p>Il brevetto \u00e8 costruito sulla falsa riga dei brevetti da Pilota della <strong>Regia Aeronautica<\/strong>, alla quale si rifacevano i militi che scelsero questa specializzazione, dovendo ovviamente lanciarsi da velivoli in azioni di guerra (e non). Un&#8217;aquila ad ali aperte, con il corpo piumato e lo sguardo minaccioso rivolto a destra, che tiene tra gli artigli il\u00a0 <em><strong>fascio littorio<\/strong><\/em>. Tra le ali dell&#8217;aquila, sulla parte superiore, troviamo il simbolo del paracadute aperto, facente parte unica del distintivo, non quindi una aggiunta posticcia ottenuta tramite saldatura dello stesso.<\/p>\n<p>Il nostro brevetto per regio paracadutista militare \u00e8 in ottime condizioni, con una bella patina d&#8217;uso e del tempo, senza danni n\u00e8 mancanze.<\/p>\n<p><strong>MATERIALE\u00a0 \u00a0 \u00a0 <\/strong>: coniato, in bronzo dorato<\/p>\n<p><strong>PRODUTTORE\u00a0<\/strong> :\u00a0 Johnson (?)<\/p>\n<p><strong>MISURE\u00a0 \u00a0 \u00a0 \u00a0 \u00a0 \u00a0<\/strong> : mm.74 di lunghezza , mm.32 di altezza al punto massimo<\/p>\n<h3><\/h3>\n<div class=\"thumb tleft\">\n<div class=\"thumbinner\">\n<div class=\"thumbcaption\">\n<h2>Notizie<\/h2>\n<p><em>Il primo lancio di guerra fu effettuato da <strong>Alessandro Tandura<\/strong>, ufficiale degli Arditi italiani, nella notte fra il 8 ed il 9 agosto del 1918 nella zona di Vittorio Veneto. A pochi giorni di distanza venne eseguito anche il secondo, effettuato da Pier Arrigo Barnaba, tenente delle Fiamme Verdi, gli Arditi degli Alpini. Tra la fine degli anni &#8217;20 e gli anni &#8217;30 l&#8217;applicazione teorica dell&#8217;uso del paracadute a scopi militari fu studiata in Italia e in Unione Sovietica&#8230;<\/em><\/p>\n<p>&nbsp;<\/p>\n<div class=\"thumb tright\">\n<div class=\"thumbinner\">&#8230; cliccando sui <strong>links\/foto<\/strong> avrete informazioni generiche, storiche, relative all&#8217;articolo in vendita<\/div>\n<div><\/div>\n<\/div>\n<h3><\/h3>\n<h3 style=\"text-align: center;\"><a href=\"https:\/\/www.thefinitive.com\/paracadutista-militare-arditi-dellaria\/\" target=\"_blank\" rel=\"noopener\">Paracadutisti militari<\/a><\/h3>\n<p>&nbsp;<\/p>\n<p><a href=\"https:\/\/www.thefinitive.com\/paracadutista-militare-arditi-dellaria\/\" target=\"_blank\" rel=\"noopener\"><b><img loading=\"lazy\" decoding=\"async\" class=\"aligncenter wp-image-8450\" src=\"https:\/\/www.thefinitive.com\/wp-content\/uploads\/2021\/05\/para.jpg\" alt=\"\" width=\"338\" height=\"562\" srcset=\"https:\/\/thefinitive.com\/wp-content\/uploads\/2021\/05\/para.jpg 438w, https:\/\/thefinitive.com\/wp-content\/uploads\/2021\/05\/para-64x106.jpg 64w, https:\/\/thefinitive.com\/wp-content\/uploads\/2021\/05\/para-180x300.jpg 180w\" sizes=\"(max-width: 338px) 100vw, 338px\" \/><\/b><\/a><\/p>\n<p>&nbsp;<\/p>\n<p>&nbsp;<\/p>\n<p>Fonte degli articoli\u00a0 :\u00a0 <a href=\"https:\/\/it.wikipedia.org\/wiki\/Paracadutista_militare\">Wikipedia<\/a><\/p>\n<\/div>\n<\/div>\n<\/div>\n<p>&nbsp;<\/p>\n<p>5.21<\/p>\n","protected":false},"excerpt":{"rendered":"<p style=\"text-align: center;\">Brevetto per Paracadutista Militare del Regio Esercito, epoca fascista. Originale d&#8217;epoca, introdotto intorno al 1930\/1935\u00a0 ed usato fino al 1943 e molto probabilmente anche in <strong><em>Repubblica Sociale Italiana<\/em><\/strong><\/p>\n<p style=\"text-align: center;\">In ottime condizioni, con una bella patina d&#8217;uso e del tempo, senza danni n\u00e8 mancanze<\/p>\n<p style=\"text-align: center;\">Misure approssimative\u00a0 mm. 74 x 32<\/p>\n<p style=\"text-align: center;\"><strong><em>(Scorri la pagina in basso per ulteriori dettagli e informazioni)<\/em><\/strong><\/p>\n","protected":false},"featured_media":8451,"comment_status":"open","ping_status":"closed","template":"","meta":[],"product_cat":[586],"product_tag":[223,224,182,175,222,416],"yoast_head":"<!-- This site is optimized with the Yoast SEO plugin v21.9.1 - https:\/\/yoast.com\/wordpress\/plugins\/seo\/ -->\n<title>Brevetto Paracadutista Militare Regio Esercito - Thefinitive<\/title>\n<meta name=\"description\" content=\"Brevetto per paracadutista militare Regio Esercito - Johnson - Spilla distintivo - Metal pin badge Paratrooper - Decima XMAS Arditi dell&#039;aria\" \/>\n<meta name=\"robots\" content=\"index, follow, max-snippet:-1, max-image-preview:large, max-video-preview:-1\" \/>\n<link rel=\"canonical\" href=\"https:\/\/thefinitive.com\/en\/prodotto\/brevetto-paracadutista-militare-regio-esercito\/\" \/>\n<meta property=\"og:locale\" content=\"en_US\" \/>\n<meta property=\"og:type\" content=\"article\" \/>\n<meta property=\"og:title\" content=\"Brevetto Paracadutista Militare Regio Esercito - Thefinitive\" \/>\n<meta property=\"og:description\" content=\"Brevetto per paracadutista militare Regio Esercito - Johnson - Spilla distintivo - Metal pin badge Paratrooper - Decima XMAS Arditi dell&#039;aria\" \/>\n<meta property=\"og:url\" content=\"https:\/\/thefinitive.com\/en\/prodotto\/brevetto-paracadutista-militare-regio-esercito\/\" \/>\n<meta property=\"og:site_name\" content=\"Thefinitive\" \/>\n<meta property=\"article:publisher\" content=\"https:\/\/business.facebook.com\/Thefinitive-111771813534320\/\" \/>\n<meta property=\"article:modified_time\" content=\"2023-07-08T15:16:16+00:00\" \/>\n<meta property=\"og:image\" content=\"https:\/\/thefinitive.com\/wp-content\/uploads\/2021\/05\/para1.jpg\" \/>\n\t<meta property=\"og:image:width\" content=\"2160\" \/>\n\t<meta property=\"og:image:height\" content=\"2160\" \/>\n\t<meta property=\"og:image:type\" content=\"image\/jpeg\" \/>\n<meta name=\"twitter:card\" content=\"summary_large_image\" \/>\n<meta name=\"twitter:label1\" content=\"Est. reading time\" \/>\n\t<meta name=\"twitter:data1\" content=\"2 minutes\" \/>\n<script type=\"application\/ld+json\" class=\"yoast-schema-graph\">{\"@context\":\"https:\/\/schema.org\",\"@graph\":[{\"@type\":\"WebPage\",\"@id\":\"https:\/\/thefinitive.com\/en\/prodotto\/brevetto-paracadutista-militare-regio-esercito\/\",\"url\":\"https:\/\/thefinitive.com\/en\/prodotto\/brevetto-paracadutista-militare-regio-esercito\/\",\"name\":\"Brevetto Paracadutista Militare Regio Esercito - Thefinitive\",\"isPartOf\":{\"@id\":\"https:\/\/thefinitive.com\/en\/#website\"},\"datePublished\":\"2021-05-05T16:03:11+00:00\",\"dateModified\":\"2023-07-08T15:16:16+00:00\",\"description\":\"Brevetto per paracadutista militare Regio Esercito - Johnson - Spilla distintivo - Metal pin badge Paratrooper - Decima XMAS Arditi dell'aria\",\"breadcrumb\":{\"@id\":\"https:\/\/thefinitive.com\/en\/prodotto\/brevetto-paracadutista-militare-regio-esercito\/#breadcrumb\"},\"inLanguage\":\"en-US\",\"potentialAction\":[{\"@type\":\"ReadAction\",\"target\":[\"https:\/\/thefinitive.com\/en\/prodotto\/brevetto-paracadutista-militare-regio-esercito\/\"]}]},{\"@type\":\"BreadcrumbList\",\"@id\":\"https:\/\/thefinitive.com\/en\/prodotto\/brevetto-paracadutista-militare-regio-esercito\/#breadcrumb\",\"itemListElement\":[{\"@type\":\"ListItem\",\"position\":1,\"name\":\"Home\",\"item\":\"https:\/\/thefinitive.com\/en\/\"},{\"@type\":\"ListItem\",\"position\":2,\"name\":\"Shop\",\"item\":\"https:\/\/thefinitive.com\/en\/shop-2\/\"},{\"@type\":\"ListItem\",\"position\":3,\"name\":\"Brevetto Paracadutista Militare Regio Esercito\"}]},{\"@type\":\"WebSite\",\"@id\":\"https:\/\/thefinitive.com\/en\/#website\",\"url\":\"https:\/\/thefinitive.com\/en\/\",\"name\":\"Thefinitive\",\"description\":\"Antiquariato Online\",\"publisher\":{\"@id\":\"https:\/\/thefinitive.com\/en\/#organization\"},\"potentialAction\":[{\"@type\":\"SearchAction\",\"target\":{\"@type\":\"EntryPoint\",\"urlTemplate\":\"https:\/\/thefinitive.com\/en\/?s={search_term_string}\"},\"query-input\":\"required name=search_term_string\"}],\"inLanguage\":\"en-US\"},{\"@type\":\"Organization\",\"@id\":\"https:\/\/thefinitive.com\/en\/#organization\",\"name\":\"Thefinitive\",\"url\":\"https:\/\/thefinitive.com\/en\/\",\"logo\":{\"@type\":\"ImageObject\",\"inLanguage\":\"en-US\",\"@id\":\"https:\/\/thefinitive.com\/en\/#\/schema\/logo\/image\/\",\"url\":\"https:\/\/thefinitive.com\/wp-content\/uploads\/2019\/07\/logo4vett.svg\",\"contentUrl\":\"https:\/\/thefinitive.com\/wp-content\/uploads\/2019\/07\/logo4vett.svg\",\"width\":500,\"height\":100,\"caption\":\"Thefinitive\"},\"image\":{\"@id\":\"https:\/\/thefinitive.com\/en\/#\/schema\/logo\/image\/\"},\"sameAs\":[\"https:\/\/business.facebook.com\/Thefinitive-111771813534320\/\",\"https:\/\/www.instagram.com\/_thefinitive_\/\"]}]}<\/script>\n<!-- \/ Yoast SEO plugin. -->","yoast_head_json":{"title":"Brevetto Paracadutista Militare Regio Esercito - Thefinitive","description":"Brevetto per paracadutista militare Regio Esercito - Johnson - Spilla distintivo - Metal pin badge Paratrooper - Decima XMAS Arditi dell'aria","robots":{"index":"index","follow":"follow","max-snippet":"max-snippet:-1","max-image-preview":"max-image-preview:large","max-video-preview":"max-video-preview:-1"},"canonical":"https:\/\/thefinitive.com\/en\/prodotto\/brevetto-paracadutista-militare-regio-esercito\/","og_locale":"en_US","og_type":"article","og_title":"Brevetto Paracadutista Militare Regio Esercito - Thefinitive","og_description":"Brevetto per paracadutista militare Regio Esercito - Johnson - Spilla distintivo - Metal pin badge Paratrooper - Decima XMAS Arditi dell'aria","og_url":"https:\/\/thefinitive.com\/en\/prodotto\/brevetto-paracadutista-militare-regio-esercito\/","og_site_name":"Thefinitive","article_publisher":"https:\/\/business.facebook.com\/Thefinitive-111771813534320\/","article_modified_time":"2023-07-08T15:16:16+00:00","og_image":[{"width":2160,"height":2160,"url":"https:\/\/thefinitive.com\/wp-content\/uploads\/2021\/05\/para1.jpg","type":"image\/jpeg"}],"twitter_card":"summary_large_image","twitter_misc":{"Est. reading time":"2 minutes"},"schema":{"@context":"https:\/\/schema.org","@graph":[{"@type":"WebPage","@id":"https:\/\/thefinitive.com\/en\/prodotto\/brevetto-paracadutista-militare-regio-esercito\/","url":"https:\/\/thefinitive.com\/en\/prodotto\/brevetto-paracadutista-militare-regio-esercito\/","name":"Brevetto Paracadutista Militare Regio Esercito - Thefinitive","isPartOf":{"@id":"https:\/\/thefinitive.com\/en\/#website"},"datePublished":"2021-05-05T16:03:11+00:00","dateModified":"2023-07-08T15:16:16+00:00","description":"Brevetto per paracadutista militare Regio Esercito - Johnson - Spilla distintivo - Metal pin badge Paratrooper - Decima XMAS Arditi dell'aria","breadcrumb":{"@id":"https:\/\/thefinitive.com\/en\/prodotto\/brevetto-paracadutista-militare-regio-esercito\/#breadcrumb"},"inLanguage":"en-US","potentialAction":[{"@type":"ReadAction","target":["https:\/\/thefinitive.com\/en\/prodotto\/brevetto-paracadutista-militare-regio-esercito\/"]}]},{"@type":"BreadcrumbList","@id":"https:\/\/thefinitive.com\/en\/prodotto\/brevetto-paracadutista-militare-regio-esercito\/#breadcrumb","itemListElement":[{"@type":"ListItem","position":1,"name":"Home","item":"https:\/\/thefinitive.com\/en\/"},{"@type":"ListItem","position":2,"name":"Shop","item":"https:\/\/thefinitive.com\/en\/shop-2\/"},{"@type":"ListItem","position":3,"name":"Brevetto Paracadutista Militare Regio Esercito"}]},{"@type":"WebSite","@id":"https:\/\/thefinitive.com\/en\/#website","url":"https:\/\/thefinitive.com\/en\/","name":"Thefinitive","description":"Antiquariato Online","publisher":{"@id":"https:\/\/thefinitive.com\/en\/#organization"},"potentialAction":[{"@type":"SearchAction","target":{"@type":"EntryPoint","urlTemplate":"https:\/\/thefinitive.com\/en\/?s={search_term_string}"},"query-input":"required name=search_term_string"}],"inLanguage":"en-US"},{"@type":"Organization","@id":"https:\/\/thefinitive.com\/en\/#organization","name":"Thefinitive","url":"https:\/\/thefinitive.com\/en\/","logo":{"@type":"ImageObject","inLanguage":"en-US","@id":"https:\/\/thefinitive.com\/en\/#\/schema\/logo\/image\/","url":"https:\/\/thefinitive.com\/wp-content\/uploads\/2019\/07\/logo4vett.svg","contentUrl":"https:\/\/thefinitive.com\/wp-content\/uploads\/2019\/07\/logo4vett.svg","width":500,"height":100,"caption":"Thefinitive"},"image":{"@id":"https:\/\/thefinitive.com\/en\/#\/schema\/logo\/image\/"},"sameAs":["https:\/\/business.facebook.com\/Thefinitive-111771813534320\/","https:\/\/www.instagram.com\/_thefinitive_\/"]}]}},"_links":{"self":[{"href":"https:\/\/thefinitive.com\/en\/wp-json\/wp\/v3\/product\/8449"}],"collection":[{"href":"https:\/\/thefinitive.com\/en\/wp-json\/wp\/v3\/product"}],"about":[{"href":"https:\/\/thefinitive.com\/en\/wp-json\/wp\/v2\/types\/product"}],"replies":[{"embeddable":true,"href":"https:\/\/thefinitive.com\/en\/wp-json\/wp\/v2\/comments?post=8449"}],"version-history":[{"count":2,"href":"https:\/\/thefinitive.com\/en\/wp-json\/wp\/v3\/product\/8449\/revisions"}],"predecessor-version":[{"id":15165,"href":"https:\/\/thefinitive.com\/en\/wp-json\/wp\/v3\/product\/8449\/revisions\/15165"}],"wp:featuredmedia":[{"embeddable":true,"href":"https:\/\/thefinitive.com\/en\/wp-json\/wp\/v2\/media\/8451"}],"wp:attachment":[{"href":"https:\/\/thefinitive.com\/en\/wp-json\/wp\/v2\/media?parent=8449"}],"wp:term":[{"taxonomy":"product_cat","embeddable":true,"href":"https:\/\/thefinitive.com\/en\/wp-json\/wp\/v2\/product_cat?post=8449"},{"taxonomy":"product_tag","embeddable":true,"href":"https:\/\/thefinitive.com\/en\/wp-json\/wp\/v2\/product_tag?post=8449"}],"curies":[{"name":"wp","href":"https:\/\/api.w.org\/{rel}","templated":true}]}}

<p>Brevetto per Paracadutista Militare del Regio Esercito, usato in epoca fascista. Il distintivo/brevetto è realizzato in metallo, con spilla a chiusura a pistoncino con &#8220;fiore&#8221; in testa, tipica dei prodotti della Stefano Johnson e quindi potrebbe essere un probabile conio Johnson. Di sicuro è originale d&#8217;epoca, e presumibilmente siamo nel periodo che va dalla seconda metà degli anni &#8216;930 fino al 1943 ed è letteratura diffusa che lo stesso distintivo venne usato anche in <em>Repubblica Sociale Italiana</em> <strong>RSI </strong></p>
<p>Il brevetto è costruito sulla falsa riga dei brevetti da Pilota della <strong>Regia Aeronautica</strong>, alla quale si rifacevano i militi che scelsero questa specializzazione, dovendo ovviamente lanciarsi da velivoli in azioni di guerra (e non). Un&#8217;aquila ad ali aperte, con il corpo piumato e lo sguardo minaccioso rivolto a destra, che tiene tra gli artigli il  <em><strong>fascio littorio</strong></em>. Tra le ali dell&#8217;aquila, sulla parte superiore, troviamo il simbolo del paracadute aperto, facente parte unica del distintivo, non quindi una aggiunta posticcia ottenuta tramite saldatura dello stesso.</p>
<p>Il nostro brevetto per regio paracadutista militare è in ottime condizioni, con una bella patina d&#8217;uso e del tempo, senza danni nè mancanze.</p>
<p><strong>MATERIALE      </strong>: coniato, in bronzo dorato</p>
<p><strong>PRODUTTORE </strong> :  Johnson (?)</p>
<p><strong>MISURE           </strong> : mm.74 di lunghezza , mm.32 di altezza al punto massimo</p>
<h3></h3>
<div class="thumb tleft">
<div class="thumbinner">
<div class="thumbcaption">
<h2>Notizie</h2>
<p><em>Il primo lancio di guerra fu effettuato da <strong>Alessandro Tandura</strong>, ufficiale degli Arditi italiani, nella notte fra il 8 ed il 9 agosto del 1918 nella zona di Vittorio Veneto. A pochi giorni di distanza venne eseguito anche il secondo, effettuato da Pier Arrigo Barnaba, tenente delle Fiamme Verdi, gli Arditi degli Alpini. Tra la fine degli anni &#8217;20 e gli anni &#8217;30 l&#8217;applicazione teorica dell&#8217;uso del paracadute a scopi militari fu studiata in Italia e in Unione Sovietica&#8230;</em></p>
<p>&nbsp;</p>
<div class="thumb tright">
<div class="thumbinner">&#8230; cliccando sui <strong>links/foto</strong> avrete informazioni generiche, storiche, relative all&#8217;articolo in vendita</div>
<div></div>
</div>
<h3></h3>
<h3 style="text-align: center;"><a href="https://www.thefinitive.com/paracadutista-militare-arditi-dellaria/" target="_blank" rel="noopener">Paracadutisti militari</a></h3>
<p>&nbsp;</p>
<p><a href="https://www.thefinitive.com/paracadutista-militare-arditi-dellaria/" target="_blank" rel="noopener"><b><img loading="lazy" decoding="async" class="aligncenter wp-image-8450" src="https://www.thefinitive.com/wp-content/uploads/2021/05/para.jpg" alt="" width="338" height="562" srcset="https://thefinitive.com/wp-content/uploads/2021/05/para.jpg 438w, https://thefinitive.com/wp-content/uploads/2021/05/para-64x106.jpg 64w, https://thefinitive.com/wp-content/uploads/2021/05/para-180x300.jpg 180w" sizes="(max-width: 338px) 100vw, 338px" /></b></a></p>
<p>&nbsp;</p>
<p>&nbsp;</p>
<p>Fonte degli articoli  :  <a href="https://it.wikipedia.org/wiki/Paracadutista_militare">Wikipedia</a></p>
</div>
</div>
</div>
<p>&nbsp;</p>
<p>5.21</p>

<p style="text-align: center;">Brevetto per Paracadutista Militare del Regio Esercito, epoca fascista. Originale d&#8217;epoca, introdotto intorno al 1930/1935  ed usato fino al 1943 e molto probabilmente anche in <strong><em>Repubblica Sociale Italiana</em></strong></p>
<p style="text-align: center;">In ottime condizioni, con una bella patina d&#8217;uso e del tempo, senza danni nè mancanze</p>
<p style="text-align: center;">Misure approssimative  mm. 74 x 32</p>
<p style="text-align: center;"><strong><em>(Scorri la pagina in basso per ulteriori dettagli e informazioni)</em></strong></p>
